{"id":30,"date":"2019-10-12T21:15:18","date_gmt":"2019-10-12T21:15:18","guid":{"rendered":"http:\/\/pvlogistica.com\/?page_id=30"},"modified":"2019-10-31T22:53:39","modified_gmt":"2019-10-31T22:53:39","slug":"a-homepage-section","status":"publish","type":"page","link":"https:\/\/pvlogistica.com\/index.php\/a-homepage-section\/","title":{"rendered":"Servicios"},"content":{"rendered":"<p>En <strong>ASESOR\u00cdA LOG\u00cdSTICA PV DE M\u00c9XICO<\/strong>\u00a0buscamos que su experiencia sea la m\u00e1s completa y grata con nuestros servicios por lo que ofrecemos:<\/p>\n<ul>\n<li>Importaciones y Exportaciones desde M\u00e9xico hacia el extranjero<\/li>\n<li>Despacho aduanal de sus mercanc\u00edas<\/li>\n<li>Atenci\u00f3n personalizada 24\/7<\/li>\n<li>Horario nocturno<\/li>\n<li>Asesor\u00edas<\/li>\n<li>Personal biling\u00fce<\/li>\n<li>Seguimiento cercano con los proveedores en Asia<\/li>\n<li>Aseguramiento de mercanc\u00eda y contenedores de puerta a puerta<\/li>\n<li>Transportaci\u00f3n de carga consolidada (LCL) y contenedores completos (FCL)<\/li>\n<li>Servicio puerta a puerta nacional combinado con servicio internacional<\/li>\n<\/ul>\n\n\n<p><\/p>\n","protected":false},"excerpt":{"rendered":"<p>En ASESOR\u00cdA LOG\u00cdSTICA PV DE M\u00c9XICO\u00a0buscamos que su experiencia sea la m\u00e1s completa y grata con nuestros servicios por lo que ofrecemos: Importaciones y Exportaciones desde M\u00e9xico hacia el extranjero Despacho aduanal de sus mercanc\u00edas Atenci\u00f3n personalizada 24\/7 Horario nocturno Asesor\u00edas Personal biling\u00fce Seguimiento cercano con los proveedores en Asia Aseguramiento de mercanc\u00eda y contenedores &hellip; <\/p>\n<p class=\"link-more\"><a href=\"https:\/\/pvlogistica.com\/index.php\/a-homepage-section\/\" class=\"more-link\">Continuar leyendo<span class=\"screen-reader-text\"> \u00abServicios\u00bb<\/span><\/a><\/p>\n","protected":false},"author":1,"featured_media":53,"parent":0,"menu_order":0,"comment_status":"closed","ping_status":"closed","template":"","meta":{"footnotes":""},"class_list":["post-30","page","type-page","status-publish","has-post-thumbnail","hentry"],"_links":{"self":[{"href":"https:\/\/pvlogistica.com\/index.php\/wp-json\/wp\/v2\/pages\/30","targetHints":{"allow":["GET"]}}],"collection":[{"href":"https:\/\/pvlogistica.com\/index.php\/wp-json\/wp\/v2\/pages"}],"about":[{"href":"https:\/\/pvlogistica.com\/index.php\/wp-json\/wp\/v2\/types\/page"}],"author":[{"embeddable":true,"href":"https:\/\/pvlogistica.com\/index.php\/wp-json\/wp\/v2\/users\/1"}],"replies":[{"embeddable":true,"href":"https:\/\/pvlogistica.com\/index.php\/wp-json\/wp\/v2\/comments?post=30"}],"version-history":[{"count":5,"href":"https:\/\/pvlogistica.com\/index.php\/wp-json\/wp\/v2\/pages\/30\/revisions"}],"predecessor-version":[{"id":121,"href":"https:\/\/pvlogistica.com\/index.php\/wp-json\/wp\/v2\/pages\/30\/revisions\/121"}],"wp:featuredmedia":[{"embeddable":true,"href":"https:\/\/pvlogistica.com\/index.php\/wp-json\/wp\/v2\/media\/53"}],"wp:attachment":[{"href":"https:\/\/pvlogistica.com\/index.php\/wp-json\/wp\/v2\/media?parent=30"}],"curies":[{"name":"wp","href":"https:\/\/api.w.org\/{rel}","templated":true}]}}